der when 57166 is divided by 39.
31
Calculate the remainder when 11091 is divided by 5342.
407
Calculate the remainder when 13140 is divided by 1200.
1140
What is the remainder when 232512 is divided by 42?
0
What is the remainder when 202586 is divided by 94?
16
Calculate the remainder when 26177 is divided by 689.
684
What is the remainder when 65709 is divided by 2125?
1959
What is the remainder when 49393 is divided by 16460?
13
What is the remainder when 21819 is divided by 7258?
45
What is the remainder when 5827 is divided by 733?
696
What is the remainder when 28711 is divided by 8?
7
Calculate the remainder when 257790 is divided by 138.
6
Calculate the remainder when 972 is divided by 34.
20
Calculate the remainder when 1291 is divided by 1085.
206
Calculate the remainder when 55372 is divided by 195.
187
What is the remainder when 4777 is divided by 673?
66
Calculate the remainder when 980 is divided by 519.
461
Calculate the remainder when 1167 is divided by 164.
19
Calculate the remainder when 13363 is divided by 26.
25
Calculate the remainder when 6051 is divided by 125.
51
What is the remainder when 1151 is divided by 544?
63
What is the remainder when 55755 is divided by 56?
35
Calculate the remainder when 1404 is divided by 141.
135
What is the remainder when 9041 is divided by 21?
11
Calculate the remainder when 10794 is divided by 48.
42
Calculate the remainder when 117203 is divided by 251.
237
What is the remainder when 5584 is divided by 5187?
397
Calculate the remainder when 4420 is divided by 554.
542
What is the remainder when 24281 is divided by 6056?
57
What is the remainder when 77663 is divided by 155?
8
What is the remainder when 9149 is divided by 1269?
266
Calculate the remainder when 1867252 is divided by 186.
184
Calculate the remainder when 6707 is divided by 55.
52
What is the remainder when 654670 is divided by 12?
10
Calculate the remainder when 1480 is divided by 292.
20
What is the remainder when 95230 is divided by 13?
5
What is the remainder when 187510 is divided by 13?
11
Calculate the remainder when 18849 is divided by 40.
9
What is the remainder when 112665 is divided by 1760?
25
Calculate the remainder when 1236 is divided by 52.
40
Calculate the remainder when 62119 is divided by 621.
19
What is the remainder when 24782 is divided by 253?
241
Calculate the remainder when 5993 is divided by 1972.
77
What is the remainder when 2730 is divided by 749?
483
Calculate the remainder when 355 is divided by 134.
87
What is the remainder when 1976 is divided by 51?
38
Calculate the remainder when 864 is divided by 17.
14
Calculate the remainder when 86065 is divided by 9.
7
Calculate the remainder when 5950 is divided by 157.
141
What is the remainder when 633 is divided by 561?
72
What is the remainder when 148979 is divided by 19?
0
What is the remainder when 1826 is divided by 65?
6
What is the remainder when 15261 is divided by 15248?
13
What is the remainder when 2954139 is divided by 10?
9
Calculate the remainder when 13423 is divided by 6679.
65
Calculate the remainder when 8204 is divided by 42.
14
What is the remainder when 8120 is divided by 65?
60
Calculate the remainder when 7166 is divided by 205.
196
Calculate the remainder when 12421 is divided by 13.
6
Calculate the remainder when 154323 is divided by 17146.
9
What is the remainder when 948840 is divided by 31?
23
What is the remainder when 57106 is divided by 480?
466
Calculate the remainder when 46329 is divided by 46284.
45
Calculate the remainder when 5455 is divided by 5453.
2
What is the remainder when 68098 is divided by 150?
148
What is the remainder when 2159 is divided by 38?
31
What is the remainder when 69889 is divided by 18?
13
Calculate the remainder when 6897 is divided by 214.
49
Calculate the remainder when 1946360 is divided by 203.
199
Calculate the remainder when 14962 is divided by 33.
13
Calculate the remainder when 205300 is divided by 139.
136
Calculate the remainder when 3281 is divided by 98.
47
What is the remainder when 5679 is divided by 14?
9
What is the remainder when 222440 is divided by 10592?
8
What is the remainder when 5775 is divided by 858?
627
Calculate the remainder when 156058 is divided by 101.
13
Calculate the remainder when 48111 is divided by 151.
93
Calculate the remainder when 85631 is divided by 21392.
63
What is the remainder when 76258 is divided by 19063?
6
What is the remainder when 131559 is divided by 92?
91
What is the remainder when 18735 is divided by 18676?
59
What is the remainder when 6400 is divided by 237?
1
What is the remainder when 55300 is divided by 11?
3
What is the remainder when 52039 is divided by 186?
145
What is the remainder when 805318 is divided by 360?
358
What is the remainder when 19246 is divided by 520?
6
What is the remainder when 37440 is divided by 468?
0
Calculate the remainder when 4626 is divided by 1347.
585
What is the remainder when 9552 is divided by 39?
36
Calculate the remainder when 376412 is divided by 334.
328
Calculate the remainder when 104934 is divided by 263.
260
What is the remainder when 643638 is divided by 160904?
22
What is the remainder when 250894 is divided by 41809?
40
Calculate the remainder when 24321 is divided by 246.
213
What is the remainder when 4488 is divided by 249?
6
What is the remainder when 272219 is divided by 9072?
59
Calculate the remainder when 499 is divided by 22.
15
What is the remainder when 25155 is divided by 4?
3
Calculate the remainder when 61706 is divided by 384.
266
What is the remainder when 3499 is divided by 865?
39
Calculate the remainder when 1506 is divided by 496.
18
What is the remainder when 215173 is divided by 498?
37
Calculate the remainder when 15124 is divided by 632.
588
What is the remainder when 693998 is divided by 109?
104
What is the remainder when 5827 is divided by 1940?
7
Calculate the remainder when 275038 is divided by 359.
44
What is the remainder when 5259 is divided by 56?
51
What is the remainder when 223562 is divided by 134?
50
What is the remainder when 43655 is divided by 14?
3
What is the remainder when 789 is divided by 549?
240
What is the remainder when 1936 is divided by 919?
98
What is the remainder when 4897 is divided by 551?
489
Calculate the remainder when 172561 is divided by 583.
576
What is the remainder when 1492 is divided by 526?
440
Calculate the remainder when 13751 is divided by 3437.
3
What is the remainder when 17694 is divided by 737?
6
What is the remainder when 17636 is divided by 8811?
14
What is the remainder when 290600 is divided by 3501?
17
Calculate the remainder when 71856 is divided by 6532.
4
What is the remainder when 10726 is divided by 149?
147
Calculate the remainder when 29312 is divided by 100.
12
What is the remainder when 13983 is divided by 69?
45
What is the remainder when 1188 is divided by 364?
96
What is the remainder when 3216 is divided by 3215?
1
What is the remainder when 5596 is divided by 20?
16
Calculate the remainder when 421679 is divided by 28.
27
Calculate the remainder when 972489 is divided by 138924.
21
Calculate the remainder when 1688 is divided by 75.
38
What is the remainder when 889 is divided by 851?
38
Calculate the remainder when 1873 is divided by 15.
13
What is the remainder when 32177 is divided by 160?
17
Calculate the remainder when 47824 is divided by 725.
699
What is the remainder when 1672 is divided by 161?
62
Calculate the remainder when 18753 is divided by 436.
5
Calculate the remainder when 4625 is divided by 500.
125
Calculate the remainder when 3093 is divided by 952.
237
What is the remainder when 3484 is divided by 1005?
469
What is the remainder when 155149 is divided by 507?
7
Calculate the remainder when 29447 is divided by 50.
47
What is the remainder when 34254 is divided by 20?
14
What is the remainder when 2500258 is divided by 9?
4
Calculate the remainder when 1375 is divided by 1254.
121
What is the remainder when 4959 is divided by 32?
31
What is the remainder when 3998 is divided by 90?
38
Calculate the remainder when 1811 is divided by 1173.
638
Calculate the remainder when 61378 is divided by 99.
97
Calculate the remainder when 406403 is divided by 636.
635
Calculate the